{"id":15701,"date":"2022-08-30T13:21:25","date_gmt":"2022-08-30T11:21:25","guid":{"rendered":"https:\/\/visionzero.lu\/fr\/?page_id=15701"},"modified":"2022-10-25T15:12:54","modified_gmt":"2022-10-25T13:12:54","slug":"voting-prix-du-public-2022","status":"publish","type":"page","link":"https:\/\/visionzero.lu\/fr\/prix-sst-2026\/vote-prix-du-public-2022\/","title":{"rendered":"Voting Prix du public 2022"},"content":{"rendered":"<p>Les 4 laur\u00e9ats du Prix S\u00e9curit\u00e9-Sant\u00e9 au Travail ont \u00e9t\u00e9 d\u00e9voil\u00e9s le 26 octobre, lors du 15e Forum S\u00e9curit\u00e9-Sant\u00e9 au Travail. D\u00e9couvrez en vid\u00e9o les 4 projets prim\u00e9s dans le domaine de l\u2019am\u00e9lioration de la s\u00e9curit\u00e9, de la sant\u00e9 ou du bien-\u00eatre au travail et votez pour votre projet pr\u00e9f\u00e9r\u00e9 jusqu&rsquo;au 23.11.2022 ! Gr\u00e2ce <a href=\"https:\/\/visionzero.lu\/fr\/prix-sst\/laureats-2022\/\" target=\"_blank\" rel=\"noopener\">\u00e0 <u>votre vote<\/u>,<\/a> un des 4 laur\u00e9ats gagnera le prix sp\u00e9cial \u00ab Prix du public\u00bb.<\/p>\n<h2 style=\"text-align: center;\"><a class=\"inscriptionButtonEditor p-1\" href=\"https:\/\/visionzero.lu\/fr\/prix-sst\/laureats-2022\/\" target=\"_blank\" rel=\"noopener noreferrer\">        Vote Prix du Public     <\/a><\/h2>\n<p><\/p>","protected":false},"excerpt":{"rendered":"<p>Les 4 laur\u00e9ats du Prix S\u00e9curit\u00e9-Sant\u00e9 au Travail ont \u00e9t\u00e9 d\u00e9voil\u00e9s le 26 octobre, lors du 15e Forum S\u00e9curit\u00e9-Sant\u00e9 au Travail. D\u00e9couvrez en vid\u00e9o les 4 projets prim\u00e9s dans le domaine de l\u2019am\u00e9lioration de la s\u00e9curit\u00e9, de la sant\u00e9 ou du bien-\u00eatre au travail et votez pour votre projet pr\u00e9f\u00e9r\u00e9 jusqu&rsquo;au 23.11.2022 ! Gr\u00e2ce \u00e0 [&hellip;]<\/p>\n","protected":false},"author":6,"featured_media":13859,"parent":640,"menu_order":10,"comment_status":"closed","ping_status":"closed","template":"template-laureatsliste.php","meta":{"_acf_changed":false,"footnotes":""},"class_list":["post-15701","page","type-page","status-publish","has-post-thumbnail","hentry"],"acf":{"subtitle":"","content":false},"_links":{"self":[{"href":"https:\/\/visionzero.lu\/fr\/wp-json\/wp\/v2\/pages\/15701","targetHints":{"allow":["GET"]}}],"collection":[{"href":"https:\/\/visionzero.lu\/fr\/wp-json\/wp\/v2\/pages"}],"about":[{"href":"https:\/\/visionzero.lu\/fr\/wp-json\/wp\/v2\/types\/page"}],"author":[{"embeddable":true,"href":"https:\/\/visionzero.lu\/fr\/wp-json\/wp\/v2\/users\/6"}],"replies":[{"embeddable":true,"href":"https:\/\/visionzero.lu\/fr\/wp-json\/wp\/v2\/comments?post=15701"}],"version-history":[{"count":0,"href":"https:\/\/visionzero.lu\/fr\/wp-json\/wp\/v2\/pages\/15701\/revisions"}],"up":[{"embeddable":true,"href":"https:\/\/visionzero.lu\/fr\/wp-json\/wp\/v2\/pages\/640"}],"wp:featuredmedia":[{"embeddable":true,"href":"https:\/\/visionzero.lu\/fr\/wp-json\/wp\/v2\/media\/13859"}],"wp:attachment":[{"href":"https:\/\/visionzero.lu\/fr\/wp-json\/wp\/v2\/media?parent=15701"}],"curies":[{"name":"wp","href":"https:\/\/api.w.org\/{rel}","templated":true}]}}

<p>Les 4 lauréats du Prix Sécurité-Santé au Travail ont été dévoilés le 26 octobre, lors du 15e Forum Sécurité-Santé au Travail. Découvrez en vidéo les 4 projets primés dans le domaine de l’amélioration de la sécurité, de la santé ou du bien-être au travail et votez pour votre projet préféré jusqu&rsquo;au 23.11.2022 ! Grâce <a href="https://visionzero.lu/fr/prix-sst/laureats-2022/" target="_blank" rel="noopener">à <u>votre vote</u>,</a> un des 4 lauréats gagnera le prix spécial « Prix du public».</p>
<h2 style="text-align: center;"><a class="inscriptionButtonEditor p-1" href="https://visionzero.lu/fr/prix-sst/laureats-2022/" target="_blank" rel="noopener noreferrer">        Vote Prix du Public     </a></h2>
<p></p>

<p>Les 4 lauréats du Prix Sécurité-Santé au Travail ont été dévoilés le 26 octobre, lors du 15e Forum Sécurité-Santé au Travail. Découvrez en vidéo les 4 projets primés dans le domaine de l’amélioration de la sécurité, de la santé ou du bien-être au travail et votez pour votre projet préféré jusqu&rsquo;au 23.11.2022 ! Grâce à [&hellip;]</p>
