{"id":16762,"date":"2022-10-26T08:00:43","date_gmt":"2022-10-26T06:00:43","guid":{"rendered":"https:\/\/visionzero.lu\/fr\/?page_id=16762"},"modified":"2023-08-29T11:43:11","modified_gmt":"2023-08-29T09:43:11","slug":"ma-securite-cest-aussi-pour-eux","status":"publish","type":"page","link":"https:\/\/visionzero.lu\/en\/prix-sst-2026\/laureats-2022\/sodexo-luxembourg-s-a\/","title":{"rendered":"SODEXO LUXEMBOURG S.A."},"content":{"rendered":"<p class=\"qtranxs-available-languages-message qtranxs-available-languages-message-en\"> <\/p><p>Sodexo est une soci\u00e9t\u00e9 polyvalente offrant au Luxembourg depuis plus de 40 ans une multitude de services comme des services de restauration, de nettoyage, de conciergerie, de sant\u00e9 et services \u00e0 la personne et de maintenance.<\/p>\n<p>Sodexo engage plus de 2300 collaborateurs et est repr\u00e9sent\u00e9 dans 3 secteurs diff\u00e9rents, \u00e0 savoir le secteur entreprise, banque, institution, le secteur scolaire et le secteur hospitalier. Sodexo, \u00e9tant une soci\u00e9t\u00e9 responsable, s\u2019appuie sur une d\u00e9marche qui consiste en un comportement responsable vis-\u00e0-vis des acteurs \u00e9conomiques, de l\u2019environnement et de la soci\u00e9t\u00e9.<\/p>\n<p>Sodexo a lanc\u00e9 en avril 2021 un projet de s\u00e9curit\u00e9 intitul\u00e9e \u00ab Ma s\u00e9curit\u00e9, c\u2019est aussi pour eux ! \u00bb afin de sensibiliser tous les collaborateurs \u00e0 la s\u00e9curit\u00e9 au travail. Ce projet se compose de 13 affiches sur lesquels les collaborateurs expliquent les principaux risques chez Sodexo au Luxembourg. L&#8217;implication de proches, famille et amis, dans ce projet vise \u00e0 faire comprendre aux collaborateurs que leur s\u00e9curit\u00e9 n&#8217;est pas seulement importante pour eux-m\u00eames, mais aussi pour toutes les personnes qui se soucient d&#8217;eux. Ces affiches ont \u00e9t\u00e9 diffus\u00e9es sur les diff\u00e9rents sites ainsi que sur Facebook et via leur r\u00e9seau diversit\u00e9 interne SoTogether.<\/p>","protected":false},"excerpt":{"rendered":"<p>Sodexo est une soci\u00e9t\u00e9 polyvalente offrant au Luxembourg depuis plus de 40 ans une multitude de services comme des services de restauration, de nettoyage, de conciergerie, de sant\u00e9 et services \u00e0 la personne et de maintenance. Sodexo engage plus de 2300 collaborateurs et est repr\u00e9sent\u00e9 dans 3 secteurs diff\u00e9rents, \u00e0 savoir le secteur entreprise, banque, [&hellip;]<\/p>\n","protected":false},"author":2,"featured_media":0,"parent":15654,"menu_order":3,"comment_status":"closed","ping_status":"closed","template":"template-laureats.php","meta":{"_acf_changed":false,"footnotes":""},"class_list":["post-16762","page","type-page","status-publish","hentry"],"acf":{"subtitle":"Ma s\u00e9curit\u00e9, c\u2019est aussi pour eux !","second_description":"<div><strong>Cat\u00e9gorie<\/strong><br \/>\nEntreprise &gt; 50 salari\u00e9s &#8211; volet s\u00e9curit\u00e9<\/p>\n<div><\/div>\n<div><strong>Entreprise<\/strong><br \/>\nSODEXO LUXEMBOURG S.A.<\/div>\n<\/div>\n","width":"6","actual_inscriptions":"122","header_color":"blue"},"_links":{"self":[{"href":"https:\/\/visionzero.lu\/en\/wp-json\/wp\/v2\/pages\/16762","targetHints":{"allow":["GET"]}}],"collection":[{"href":"https:\/\/visionzero.lu\/en\/wp-json\/wp\/v2\/pages"}],"about":[{"href":"https:\/\/visionzero.lu\/en\/wp-json\/wp\/v2\/types\/page"}],"author":[{"embeddable":true,"href":"https:\/\/visionzero.lu\/en\/wp-json\/wp\/v2\/users\/2"}],"replies":[{"embeddable":true,"href":"https:\/\/visionzero.lu\/en\/wp-json\/wp\/v2\/comments?post=16762"}],"version-history":[{"count":1,"href":"https:\/\/visionzero.lu\/en\/wp-json\/wp\/v2\/pages\/16762\/revisions"}],"predecessor-version":[{"id":21589,"href":"https:\/\/visionzero.lu\/en\/wp-json\/wp\/v2\/pages\/16762\/revisions\/21589"}],"up":[{"embeddable":true,"href":"https:\/\/visionzero.lu\/en\/wp-json\/wp\/v2\/pages\/15654"}],"wp:attachment":[{"href":"https:\/\/visionzero.lu\/en\/wp-json\/wp\/v2\/media?parent=16762"}],"curies":[{"name":"wp","href":"https:\/\/api.w.org\/{rel}","templated":true}]}}

<p class="qtranxs-available-languages-message qtranxs-available-languages-message-en"> </p><p>Sodexo est une société polyvalente offrant au Luxembourg depuis plus de 40 ans une multitude de services comme des services de restauration, de nettoyage, de conciergerie, de santé et services à la personne et de maintenance.</p>
<p>Sodexo engage plus de 2300 collaborateurs et est représenté dans 3 secteurs différents, à savoir le secteur entreprise, banque, institution, le secteur scolaire et le secteur hospitalier. Sodexo, étant une société responsable, s’appuie sur une démarche qui consiste en un comportement responsable vis-à-vis des acteurs économiques, de l’environnement et de la société.</p>
<p>Sodexo a lancé en avril 2021 un projet de sécurité intitulée « Ma sécurité, c’est aussi pour eux ! » afin de sensibiliser tous les collaborateurs à la sécurité au travail. Ce projet se compose de 13 affiches sur lesquels les collaborateurs expliquent les principaux risques chez Sodexo au Luxembourg. L&#8217;implication de proches, famille et amis, dans ce projet vise à faire comprendre aux collaborateurs que leur sécurité n&#8217;est pas seulement importante pour eux-mêmes, mais aussi pour toutes les personnes qui se soucient d&#8217;eux. Ces affiches ont été diffusées sur les différents sites ainsi que sur Facebook et via leur réseau diversité interne SoTogether.</p>

<p>Sodexo est une société polyvalente offrant au Luxembourg depuis plus de 40 ans une multitude de services comme des services de restauration, de nettoyage, de conciergerie, de santé et services à la personne et de maintenance. Sodexo engage plus de 2300 collaborateurs et est représenté dans 3 secteurs différents, à savoir le secteur entreprise, banque, [&hellip;]</p>

Ma sécurité, c’est aussi pour eux !

<div><strong>Catégorie</strong><br />
Entreprise &gt; 50 salariés &#8211; volet sécurité</p>
<div></div>
<div><strong>Entreprise</strong><br />
SODEXO LUXEMBOURG S.A.</div>
</div>
